{"id":1753,"date":"2022-11-24T14:13:52","date_gmt":"2022-11-24T12:13:52","guid":{"rendered":"https:\/\/blogbjc.bjc.ro\/?page_id=1753"},"modified":"2026-02-03T13:02:03","modified_gmt":"2026-02-03T11:02:03","slug":"activitati","status":"publish","type":"page","link":"https:\/\/blogbjc.bjc.ro\/?page_id=1753","title":{"rendered":"Activit\u0103\u021bi"},"content":{"rendered":"\n<p>Biblioteca Jude\u021bean\u0103 \u201eOctavian Goga\u201d Cluj ofer\u0103 utilizatorilor s\u0103i adul\u021bi o varietate de activit\u0103\u021bi cultural-educative \u0219i de loisir: cluburi de \u00eenv\u0103\u021bare a limbii rom\u00e2ne \u0219i a limbilor str\u0103ine, cluburi de lectur\u0103 (\u00een limba rom\u00e2n\u0103, maghiar\u0103 sau bilingv), grup de suport pentru p\u0103rin\u021bi, ateliere de lucru manual, sesiuni individuale de asisten\u021b\u0103 pentru utilizarea telefonului mobil \u0219i a unor servicii online, activit\u0103\u021bi pentru \u00eentreaga familie, ateliere de scriere terapeutic\u0103 \u00een limba maghiar\u0103, vizion\u0103ri de filme, \u00eent\u00e2lniri cu scriitori, lans\u0103ri de carte, concursuri. <\/p>\n\n\n\n<p>Participarea la aceste activit\u0103\u021bi este gratuit\u0103, pe baza Permisului de intrare la bibliotec\u0103.<\/p>\n\n\n\n<p>V\u0103 a\u0219tept\u0103m!<\/p>\n\n\n\n<p>V\u0103 invit\u0103m s\u0103 r\u0103sfoi\u021bi oferta de activit\u0103\u021bi destinate utilizatorii adul\u021bi ai bibliotecii \u00een anul 2026:<\/p>\n\n\n\n<figure class=\"wp-block-embed is-type-video is-provider-youtube wp-block-embed-youtube wp-embed-aspect-4-3 wp-has-aspect-ratio\"><div class=\"wp-block-embed__wrapper\">\n<iframe loading=\"lazy\" title=\"Oferta de activit\u0103\u021bi destinate utilizatorilor adul\u021bi ai bibliotecii \u00een anul 2026\" width=\"525\" height=\"394\" src=\"https:\/\/www.youtube.com\/embed\/Bez_mks-q3A?feature=oembed\" frameborder=\"0\" allow=\"accelerometer; autoplay; clipboard-write; encrypted-media; gyroscope; picture-in-picture; web-share\" referrerpolicy=\"strict-origin-when-cross-origin\" allowfullscreen><\/iframe>\n<\/div><\/figure>\n","protected":false},"excerpt":{"rendered":"<p>Biblioteca Jude\u021bean\u0103 \u201eOctavian Goga\u201d Cluj ofer\u0103 utilizatorilor s\u0103i adul\u021bi o varietate de activit\u0103\u021bi cultural-educative \u0219i de loisir: cluburi de \u00eenv\u0103\u021bare a limbii rom\u00e2ne \u0219i a limbilor str\u0103ine, cluburi de lectur\u0103 &hellip; <\/p>\n<div class=\"link-more\"><a href=\"https:\/\/blogbjc.bjc.ro\/?page_id=1753\" class=\"more-link\">Read More<span class=\"screen-reader-text\"> &#8222;Activit\u0103\u021bi&#8221;<\/span><\/a><\/div>\n","protected":false},"author":1,"featured_media":0,"parent":0,"menu_order":0,"comment_status":"closed","ping_status":"closed","template":"","meta":{"footnotes":""},"class_list":["post-1753","page","type-page","status-publish","hentry"],"_links":{"self":[{"href":"https:\/\/blogbjc.bjc.ro\/index.php?rest_route=\/wp\/v2\/pages\/1753","targetHints":{"allow":["GET"]}}],"collection":[{"href":"https:\/\/blogbjc.bjc.ro\/index.php?rest_route=\/wp\/v2\/pages"}],"about":[{"href":"https:\/\/blogbjc.bjc.ro\/index.php?rest_route=\/wp\/v2\/types\/page"}],"author":[{"embeddable":true,"href":"https:\/\/blogbjc.bjc.ro\/index.php?rest_route=\/wp\/v2\/users\/1"}],"replies":[{"embeddable":true,"href":"https:\/\/blogbjc.bjc.ro\/index.php?rest_route=%2Fwp%2Fv2%2Fcomments&post=1753"}],"version-history":[{"count":14,"href":"https:\/\/blogbjc.bjc.ro\/index.php?rest_route=\/wp\/v2\/pages\/1753\/revisions"}],"predecessor-version":[{"id":8490,"href":"https:\/\/blogbjc.bjc.ro\/index.php?rest_route=\/wp\/v2\/pages\/1753\/revisions\/8490"}],"wp:attachment":[{"href":"https:\/\/blogbjc.bjc.ro\/index.php?rest_route=%2Fwp%2Fv2%2Fmedia&parent=1753"}],"curies":[{"name":"wp","href":"https:\/\/api.w.org\/{rel}","templated":true}]}}